e
Is 9543971573 a prime number?
True
Is 18081236806 composite?
True
Is 1816284103 a prime number?
False
Is 943363163 a prime number?
False
Is 130422223 prime?
False
Is 3246669373 a composite number?
False
Is 13166360611 a prime number?
False
Is 482082089 composite?
False
Is 1437776293 a prime number?
False
Is 18573241 composite?
True
Is 1200544189 a prime number?
False
Is 25735083202 prime?
False
Is 772014869 prime?
True
Is 11744843807 prime?
False
Is 1936505719 composite?
False
Is 3788359933 a composite number?
False
Is 92308053049 a composite number?
False
Is 21860380439 composite?
False
Is 2074229567 a composite number?
True
Is 31791113 prime?
False
Is 72916957779 prime?
False
Is 744011267 a prime number?
False
Is 80309643067 a composite number?
True
Is 5718724769 prime?
True
Is 301550041 a composite number?
True
Is 2702962387 a prime number?
True
Is 103844375099 composite?
True
Is 93731087 prime?
True
Is 404730049 composite?
True
Is 180998759 composite?
False
Is 109303998407 prime?
True
Is 599444437 prime?
False
Is 3225705367 prime?
False
Is 202899409 composite?
True
Is 80368292299 composite?
True
Is 641766721 composite?
False
Is 56302090073 a prime number?
True
Is 2267356717 prime?
True
Is 235581949 a prime number?
True
Is 6689436731 a composite number?
False
Is 51171707081 composite?
True
Is 518824486 a composite number?
True
Is 2707673377 a composite number?
True
Is 2286450361 a composite number?
True
Is 98227646687 a composite number?
False
Is 19394538251 composite?
True
Is 1101037969 a prime number?
True
Is 1649049451 prime?
False
Is 106817447857 prime?
True
Is 109520291 composite?
False
Is 41743114001 prime?
False
Is 71299225157 a composite number?
False
Is 383166241 a prime number?
False
Is 318750519 a prime number?
False
Is 573240089993 prime?
True
Is 14962551067 a prime number?
False
Is 46748331319 a composite number?
True
Is 7871674891 a prime number?
True
Is 37132173427 prime?
True
Is 194359937 prime?
True
Is 54854646601 prime?
True
Is 21960251831 a prime number?
False
Is 22100166703 prime?
False
Is 232279573 prime?
True
Is 208638097 composite?
True
Is 23029891567 a prime number?
True
Is 103706957609 composite?
False
Is 530203097 composite?
True
Is 802894901 a prime number?
True
Is 803619391 composite?
True
Is 3400432883 composite?
True
Is 55928359 prime?
True
Is 630323761 a prime number?
False
Is 7078011751 a prime number?
True
Is 46432838591 a composite number?
False
Is 50156011 a composite number?
False
Is 192224801 composite?
False
Is 4829621539 a prime number?
True
Is 196315571 a prime number?
True
Is 4624612483 a prime number?
False
Is 88874418577 composite?
True
Is 12580259713 prime?
False
Is 88959166189 prime?
False
Is 669656557 prime?
True
Is 717947239 prime?
True
Is 62031629797 a prime number?
False
Is 595377007 a composite number?
True
Is 10712667993 composite?
True
Is 24407093 prime?
False
Is 23550684683 prime?
True
Is 8995387507 a prime number?
True
Is 2937277529 prime?
False
Is 745151137 prime?
False
Is 6157458217 a prime number?
True
Is 22972007533 a composite number?
False
Is 6327301339 prime?
True
Is 333544357 a composite number?
False
Is 465223237 prime?
False
Is 3887157017 composite?
False
Is 34482812959 a prime number?
False
Is 82692786827 prime?
False
Is 25611014123 prime?
True
Is 1066498259 a composite number?
True
Is 36049103 composite?
False
Is 303353261 a composite number?
True
Is 828350399 prime?
True
Is 210938909 prime?
False
Is 4113733097 composite?
False
Is 1008118457 a composite number?
False
Is 35240531441 a prime number?
True
Is 18297519377 a composite number?
False
Is 60044300123 a prime number?
True
Is 13270305589 composite?
True
Is 75583139 prime?
False
Is 33453246947 a composite number?
False
Is 162827893 a composite number?
True
Is 53763557 a composite number?
True
Is 1805873747 a prime number?
True
Is 4204887413 a prime number?
False
Is 3281095289 a composite number?
False
Is 41694399998 a composite number?
True
Is 83756911685 a composite number?
True
Is 117616116973 a composite number?
False
Is 12590934779 composite?
True
Is 55470744709 composite?
True
Is 246092591 composite?
False
Is 110027270359 prime?
True
Is 7639644359 prime?
True
Is 2049232177 a prime number?
True
Is 704693771 a prime number?
True
Is 1504329961 a prime number?
False
Is 6899778493 prime?
False
Is 1154132593 prime?
True
Is 2422482407 prime?
False
Is 2280650693 prime?
False
Is 52535005723 a composite number?
True
Is 14626607893 a prime number?
False
Is 51203644923 a prime number?
False
Is 54968095009 composite?
True
Is 200125117147 prime?
True
Is 243001097 a composite number?
False
Is 577123627 composite?
True
Is 309150847 composite?
True
Is 1018213337 a composite number?
False
Is 420840922 composite?
True
Is 61682336213 a composite number?
True
Is 37189573 prime?
True
Is 2546030299 prime?
True
Is 823458691 composite?
True
Is 84123457 a prime number?
False
Is 5728071523 prime?
False
Is 71473878013 composite?
True
Is 6609971 a prime number?
True
Is 33132691765 a prime number?
False
Is 10887135209 prime?
True
Is 59840113 a composite number?
True
Is 61227745379 a composite number?
False
Is 9816266651 a prime number?
True
Is 3866653702 prime?
False
Is 5024656903 composite?
True
Is 319931471 a prime number?
True
Is 40363323523 a composite number?
True
Is 759179011 a composite number?
False
Is 109468692719 a prime number?
True
Is 264860381 prime?
False
Is 45357040555 prime?
False
Is 95813713 a prime number?
False
Is 1042721711 a prime number?
False
Is 4158223079 a prime number?
False
Is 7744194457 a composite number?
False
Is 978152843 a composite number?
True
Is 441056263 composite?
False
Is 20406608311 prime?
True
Is 399134815511 a composite number?
False
Is 2072654383 prime?
False
Is 1432181861 prime?
False
Is 270380221 composite?
False
Is 2483718301 a composite number?
False
Is 11347713607 a composite number?
False
Is 220397299 prime?
False
Is 19098723121 prime?
False
Is 9837696613 composite?
True
Is 2257211833 prime?
False
Is 3768311453 a composite number?
False
Is 1829924939 prime?
False
Is 1990316009 composite?
True
Is 521156587 composite?
True
Is 27867278839 a composite number?
False
Is 183025677529 a prime number?
True
Is 12737892449 a prime number?
False
Is 21385038617 a prime number?
False
Is 886328869 composite?
False
Is 590438729 a composite number?
False
Is 11248346203 a prime number?
False
Is 65143907 a composite number?
False
Is 10649470441 composite?
True
Is 197674303 composite?
False
Is 249181768169 composite?
False
Is 39495783827 a prime number?
False
Is 330505271 prime?
False
Is 5680915319 composite?
True
Is 483626987 composite?
False
Is 87155909 prime?
False
Is 5332088639 a prime number?
True
Is 2035555733 composite?
True
Is 2044554233 prime?
False
Is 80872817 composite?
False
Is 2841772459 prime?
True
Is 53724747 a prime number?
False
Is 9313194367 a composite number?
True
Is 27672868469 composite?
True
Is 23432573791 a prime number?
False
Is 2049155089 a composite number?
True
Is 1936258409 prime?
False
Is 399046639 a composite number?
False
Is 92773613 a prime number?
False
Is 11195755313 a prime number?
False
Is 139725314 prime?
False
Is 13318769831 prime?
True
Is 573064253 prime?
False
Is 1847498131 a prime number?
True
Is 3315341851 a composite number?
True
Is 2923622651 composite?
True
Is 13611181931 prime?
False
Is 181406843 a prime number?
True
Is 21266989139 composite?
True
Is 17478082527 a prime number?
False
Is 12473206777 composite?
False
Is 4665066691 a composite number?
False
Is 13681085513 a composite number?
False
Is 376798547 a prime number?
True
Is 640389643 prime?
False
Is 31175463083 prime?
True
Is 10842818011 a composite number?
True
Is 92858970929 a prime number?
False
Is 52255982357 composite?
False
Is 29886214663 a prime number?
True
Is 201007387 a composite number?
True
Is 2048613683 a composite number?
True
Is 42370070389 a prime number?
False
Is 6641427005 prime?
False
Is 77066708149 composite?
True
Is 1152848051 a composite number?
False
Is 239384116945 a composite number?
True
Is 4451290991 composite?
True
Is 6206919557 a composite number?
False
Is 1534372837 prime?
False
Is 146560759 prime?
True
Is 1119598369 a prime number?
False
Is 4360632469 composite?
True
Is 12299365